{"id":34559,"date":"2023-08-01T15:51:48","date_gmt":"2023-08-01T13:51:48","guid":{"rendered":"http:\/\/festival-of-lights.de\/?page_id=34559"},"modified":"2024-07-22T10:30:38","modified_gmt":"2024-07-22T08:30:38","slug":"incentive-reise-zum-festival","status":"publish","type":"page","link":"https:\/\/festival-of-lights.de\/de\/incentive-reise-zum-festival\/","title":{"rendered":"Incentives"},"content":{"rendered":"<section class=\"module-spacer bg-bg-darkBlue pt-10 md:pt-14 xl:pt-20\">\n<\/section>\n\n<section class=\"module-spacer bg-bg-darkBlue pt-10 md:pt-14 xl:pt-20\">\n<\/section>\n\n<section class=\"basic-content-module bg-bg-darkBlue text-text-default\">\n  <div class=\"px-xs py-md lg:py-2xl aniMe text-intro dark:!bg-transparent dark:!text-white text-left\">\n            <div class=\"mx-auto max-w-content\"><div class='text-element align- text-copy lg:text-h3 font-bold mb-4 md:mb-0'>Ein einzigartiges Erlebnis<\/div><\/div>\n                <div class=\"mx-auto max-w-content basic-content-module__headline\"><h2 class='grayscale-overlay relative headline-element align-left text-h3 font-bold md:text-h2 mb-4 md:mb-sm z-0'>\n    \n    <span class='relative align-left text-h3 font-bold md:text-h2 mb-4 md:mb-sm z-0'>\n    <span class='absolute top-0 left-0 z-0 -translate-x-1\/2 -translate-y-1\/2 light w-[300px] h-[300px]'>\n    <svg class='w-full h-full ' xmlns='http:\/\/www.w3.org\/2000\/svg' width='542' height='542' viewBox='0 0 542 542' fill='none'>\n      <g filter='url(#filter0_f_569_1018)'>\n        <circle cx='271' cy='271' r='121' fill='#9AE8FF' fill-opacity='0.5'\/>\n      <\/g>\n      <defs>\n        <filter id='filter0_f_569_1018' x='0' y='0' width='542' height='542' filterUnits='userSpaceOnUse' color-interpolation-filters='sRGB'>\n          <feFlood flood-opacity='0' result='BackgroundImageFix'\/>\n          <feBlend mode='normal' in='SourceGraphic' in2='BackgroundImageFix' result='shape'\/>\n          <feGaussianBlur stdDeviation='75' result='effect1_foregroundBlur_569_1018'\/>\n        <\/filter>\n      <\/defs>\n    <\/svg>\n  <\/span>\n    INCENTIVES I  EVENTS &#038; TOUREN F\u00dcR UNTERNEHMEN<\/span>\n    <\/h2><\/div>\n                <div class=\"relative z-10 mx-auto max-w-content\">\n            <div class='text-element align- text-copy'><p>Entfachen Sie Begeisterung und belohnen Sie Ihre Mitarbeiterinnen und Mitarbeiter oder Kund*innen mit einem leuchtenden Erlebnis: Einer VIP Tour, einem Event oder einer Incentive-Reise in die illuminierte Hauptstadt zum FESTIVAL OF LIGHTS!<\/p>\n<p>Wir sind Ihr Partner f\u00fcr individuelle Ideen und exklusive Specials, die Sie nur im Rahmen des FESTIVAL OF LIGHTS erleben werden.<\/p>\n<p>Von der Auswahl und Buchung des Hotels, \u00fcber die gef\u00fchrte LightSeeing Tour bis hin zur pers\u00f6nlichen Betreuung w\u00e4hrend der einzelnen Programmpunkte \u2013 unser FESTIVAL OF LIGHTS Team \u00fcbernimmt die Planung und Organisation Ihres Festival-Events.<\/p>\n<p>Staunen Sie \u00fcber die spektakul\u00e4r inszenierten Geb\u00e4ude und Wahrzeichen, erfahren Sie so Geschichten von Orten, Menschen und Ereignissen. Verbinden Sie den Festivalbesuch mit einem Genusserlebnis in einem der kulinarischen Hotspots dieser Stadt, entdecken Sie das Berliner Nachtleben \u2013 wir kennen die Geheimtipps der Stadt und teilen diese gerne mit Ihnen.<\/p>\n<p>Schreiben Sie uns. Lassen Sie uns Ihr Event zum FESTIVAL OF LIGHTS gemeinsam planen: <a href=\"mailto:partner@festival-of-lights.de\">partner@festival-of-lights.de<\/a>.<\/p>\n<p>Ihre Ansprechpartnerin ist Birgit Zander.<\/p>\n<\/div>        <\/div>\n          <\/div>\n<\/section>\n\n<section class=\"image-sticky-module\">\n  <div class=\"image-sticky-module__container grayscale-mask\">\n    <div class=\"image-sticky-module__image min-h-[70vh] bg-fixed bg-no-repeat bg-cover bg-center grayscale-overlay\" style=\"background-image:url('https:\/\/festival-of-lights.de\/wp-content\/uploads\/2023\/08\/0494_FH_FoLBerlin2018-scaled.jpg');\" ><\/div> \n  <\/div>\n<\/section>","protected":false},"excerpt":{"rendered":"","protected":false},"author":1,"featured_media":0,"parent":0,"menu_order":0,"comment_status":"closed","ping_status":"closed","template":"","meta":{"_acf_changed":false,"footnotes":""},"class_list":["post-34559","page","type-page","status-publish","hentry"],"acf":[],"yoast_head":"<!-- This site is optimized with the Yoast SEO plugin v25.6 - https:\/\/yoast.com\/wordpress\/plugins\/seo\/ -->\n<title>Incentive-Reise zum Festival of Lights<\/title>\n<meta name=\"description\" content=\"Incentive-Reise zum Festival of Lights: unser FESTIVAL OF LIGHTS Team \u00fcbernimmt die Planung und Organisation Ihrer Festival-Reise.\" \/>\n<meta name=\"robots\" content=\"index, follow, max-snippet:-1, max-image-preview:large, max-video-preview:-1\" \/>\n<link rel=\"canonical\" href=\"https:\/\/festival-of-lights.de\/de\/incentive-reise-zum-festival\/\" \/>\n<meta property=\"og:locale\" content=\"de_DE\" \/>\n<meta property=\"og:type\" content=\"article\" \/>\n<meta property=\"og:title\" content=\"Incentive-Reise zum Festival of Lights\" \/>\n<meta property=\"og:description\" content=\"Incentive-Reise zum Festival of Lights: unser FESTIVAL OF LIGHTS Team \u00fcbernimmt die Planung und Organisation Ihrer Festival-Reise.\" \/>\n<meta property=\"og:url\" content=\"https:\/\/festival-of-lights.de\/de\/incentive-reise-zum-festival\/\" \/>\n<meta property=\"og:site_name\" content=\"Festival of Lights\" \/>\n<meta property=\"article:publisher\" content=\"https:\/\/www.facebook.com\/FestivalOfLights\" \/>\n<meta property=\"article:modified_time\" content=\"2024-07-22T08:30:38+00:00\" \/>\n<meta name=\"twitter:card\" content=\"summary_large_image\" \/>\n<script type=\"application\/ld+json\" class=\"yoast-schema-graph\">{\"@context\":\"https:\/\/schema.org\",\"@graph\":[{\"@type\":\"WebPage\",\"@id\":\"https:\/\/festival-of-lights.de\/de\/incentive-reise-zum-festival\/\",\"url\":\"https:\/\/festival-of-lights.de\/de\/incentive-reise-zum-festival\/\",\"name\":\"Incentive-Reise zum Festival of Lights\",\"isPartOf\":{\"@id\":\"https:\/\/festival-of-lights.de\/de\/#website\"},\"datePublished\":\"2023-08-01T13:51:48+00:00\",\"dateModified\":\"2024-07-22T08:30:38+00:00\",\"description\":\"Incentive-Reise zum Festival of Lights: unser FESTIVAL OF LIGHTS Team \u00fcbernimmt die Planung und Organisation Ihrer Festival-Reise.\",\"breadcrumb\":{\"@id\":\"https:\/\/festival-of-lights.de\/de\/incentive-reise-zum-festival\/#breadcrumb\"},\"inLanguage\":\"de\",\"potentialAction\":[{\"@type\":\"ReadAction\",\"target\":[\"https:\/\/festival-of-lights.de\/de\/incentive-reise-zum-festival\/\"]}]},{\"@type\":\"BreadcrumbList\",\"@id\":\"https:\/\/festival-of-lights.de\/de\/incentive-reise-zum-festival\/#breadcrumb\",\"itemListElement\":[{\"@type\":\"ListItem\",\"position\":1,\"name\":\"Startseite\",\"item\":\"https:\/\/festival-of-lights.de\/de\/\"},{\"@type\":\"ListItem\",\"position\":2,\"name\":\"Incentives\"}]},{\"@type\":\"WebSite\",\"@id\":\"https:\/\/festival-of-lights.de\/de\/#website\",\"url\":\"https:\/\/festival-of-lights.de\/de\/\",\"name\":\"Festival of Lights Berlin\",\"description\":\"\",\"publisher\":{\"@id\":\"https:\/\/festival-of-lights.de\/de\/#organization\"},\"potentialAction\":[{\"@type\":\"SearchAction\",\"target\":{\"@type\":\"EntryPoint\",\"urlTemplate\":\"https:\/\/festival-of-lights.de\/de\/?s={search_term_string}\"},\"query-input\":{\"@type\":\"PropertyValueSpecification\",\"valueRequired\":true,\"valueName\":\"search_term_string\"}}],\"inLanguage\":\"de\"},{\"@type\":\"Organization\",\"@id\":\"https:\/\/festival-of-lights.de\/de\/#organization\",\"name\":\"Festival of Lights\",\"url\":\"https:\/\/festival-of-lights.de\/de\/\",\"logo\":{\"@type\":\"ImageObject\",\"inLanguage\":\"de\",\"@id\":\"https:\/\/festival-of-lights.de\/de\/#\/schema\/logo\/image\/\",\"url\":\"https:\/\/festival-of-lights.de\/wp-content\/uploads\/2023\/08\/cropped-logo.png\",\"contentUrl\":\"https:\/\/festival-of-lights.de\/wp-content\/uploads\/2023\/08\/cropped-logo.png\",\"width\":230,\"height\":230,\"caption\":\"Festival of Lights\"},\"image\":{\"@id\":\"https:\/\/festival-of-lights.de\/de\/#\/schema\/logo\/image\/\"},\"sameAs\":[\"https:\/\/www.facebook.com\/FestivalOfLights\",\"https:\/\/www.tiktok.com\/@berlinfestivaloflights\",\"https:\/\/www.instagram.com\/berlinfestivaloflights\"]}]}<\/script>\n<!-- \/ Yoast SEO plugin. -->","yoast_head_json":{"title":"Incentive-Reise zum Festival of Lights","description":"Incentive-Reise zum Festival of Lights: unser FESTIVAL OF LIGHTS Team \u00fcbernimmt die Planung und Organisation Ihrer Festival-Reise.","robots":{"index":"index","follow":"follow","max-snippet":"max-snippet:-1","max-image-preview":"max-image-preview:large","max-video-preview":"max-video-preview:-1"},"canonical":"https:\/\/festival-of-lights.de\/de\/incentive-reise-zum-festival\/","og_locale":"de_DE","og_type":"article","og_title":"Incentive-Reise zum Festival of Lights","og_description":"Incentive-Reise zum Festival of Lights: unser FESTIVAL OF LIGHTS Team \u00fcbernimmt die Planung und Organisation Ihrer Festival-Reise.","og_url":"https:\/\/festival-of-lights.de\/de\/incentive-reise-zum-festival\/","og_site_name":"Festival of Lights","article_publisher":"https:\/\/www.facebook.com\/FestivalOfLights","article_modified_time":"2024-07-22T08:30:38+00:00","twitter_card":"summary_large_image","schema":{"@context":"https:\/\/schema.org","@graph":[{"@type":"WebPage","@id":"https:\/\/festival-of-lights.de\/de\/incentive-reise-zum-festival\/","url":"https:\/\/festival-of-lights.de\/de\/incentive-reise-zum-festival\/","name":"Incentive-Reise zum Festival of Lights","isPartOf":{"@id":"https:\/\/festival-of-lights.de\/de\/#website"},"datePublished":"2023-08-01T13:51:48+00:00","dateModified":"2024-07-22T08:30:38+00:00","description":"Incentive-Reise zum Festival of Lights: unser FESTIVAL OF LIGHTS Team \u00fcbernimmt die Planung und Organisation Ihrer Festival-Reise.","breadcrumb":{"@id":"https:\/\/festival-of-lights.de\/de\/incentive-reise-zum-festival\/#breadcrumb"},"inLanguage":"de","potentialAction":[{"@type":"ReadAction","target":["https:\/\/festival-of-lights.de\/de\/incentive-reise-zum-festival\/"]}]},{"@type":"BreadcrumbList","@id":"https:\/\/festival-of-lights.de\/de\/incentive-reise-zum-festival\/#breadcrumb","itemListElement":[{"@type":"ListItem","position":1,"name":"Startseite","item":"https:\/\/festival-of-lights.de\/de\/"},{"@type":"ListItem","position":2,"name":"Incentives"}]},{"@type":"WebSite","@id":"https:\/\/festival-of-lights.de\/de\/#website","url":"https:\/\/festival-of-lights.de\/de\/","name":"Festival of Lights Berlin","description":"","publisher":{"@id":"https:\/\/festival-of-lights.de\/de\/#organization"},"potentialAction":[{"@type":"SearchAction","target":{"@type":"EntryPoint","urlTemplate":"https:\/\/festival-of-lights.de\/de\/?s={search_term_string}"},"query-input":{"@type":"PropertyValueSpecification","valueRequired":true,"valueName":"search_term_string"}}],"inLanguage":"de"},{"@type":"Organization","@id":"https:\/\/festival-of-lights.de\/de\/#organization","name":"Festival of Lights","url":"https:\/\/festival-of-lights.de\/de\/","logo":{"@type":"ImageObject","inLanguage":"de","@id":"https:\/\/festival-of-lights.de\/de\/#\/schema\/logo\/image\/","url":"https:\/\/festival-of-lights.de\/wp-content\/uploads\/2023\/08\/cropped-logo.png","contentUrl":"https:\/\/festival-of-lights.de\/wp-content\/uploads\/2023\/08\/cropped-logo.png","width":230,"height":230,"caption":"Festival of Lights"},"image":{"@id":"https:\/\/festival-of-lights.de\/de\/#\/schema\/logo\/image\/"},"sameAs":["https:\/\/www.facebook.com\/FestivalOfLights","https:\/\/www.tiktok.com\/@berlinfestivaloflights","https:\/\/www.instagram.com\/berlinfestivaloflights"]}]}},"_links":{"self":[{"href":"https:\/\/festival-of-lights.de\/de\/wp-json\/wp\/v2\/pages\/34559","targetHints":{"allow":["GET"]}}],"collection":[{"href":"https:\/\/festival-of-lights.de\/de\/wp-json\/wp\/v2\/pages"}],"about":[{"href":"https:\/\/festival-of-lights.de\/de\/wp-json\/wp\/v2\/types\/page"}],"author":[{"embeddable":true,"href":"https:\/\/festival-of-lights.de\/de\/wp-json\/wp\/v2\/users\/1"}],"replies":[{"embeddable":true,"href":"https:\/\/festival-of-lights.de\/de\/wp-json\/wp\/v2\/comments?post=34559"}],"version-history":[{"count":17,"href":"https:\/\/festival-of-lights.de\/de\/wp-json\/wp\/v2\/pages\/34559\/revisions"}],"predecessor-version":[{"id":48151,"href":"https:\/\/festival-of-lights.de\/de\/wp-json\/wp\/v2\/pages\/34559\/revisions\/48151"}],"wp:attachment":[{"href":"https:\/\/festival-of-lights.de\/de\/wp-json\/wp\/v2\/media?parent=34559"}],"curies":[{"name":"wp","href":"https:\/\/api.w.org\/{rel}","templated":true}]}}

<section class="module-spacer bg-bg-darkBlue pt-10 md:pt-14 xl:pt-20">
</section>

<section class="module-spacer bg-bg-darkBlue pt-10 md:pt-14 xl:pt-20">
</section>

<section class="basic-content-module bg-bg-darkBlue text-text-default">
  <div class="px-xs py-md lg:py-2xl aniMe text-intro dark:!bg-transparent dark:!text-white text-left">
            <div class="mx-auto max-w-content"><div class='text-element align- text-copy lg:text-h3 font-bold mb-4 md:mb-0'>Ein einzigartiges Erlebnis</div></div>
                <div class="mx-auto max-w-content basic-content-module__headline"><h2 class='grayscale-overlay relative headline-element align-left text-h3 font-bold md:text-h2 mb-4 md:mb-sm z-0'>
    
    <span class='relative align-left text-h3 font-bold md:text-h2 mb-4 md:mb-sm z-0'>
    <span class='absolute top-0 left-0 z-0 -translate-x-1/2 -translate-y-1/2 light w-[300px] h-[300px]'>
    <svg class='w-full h-full ' xmlns='http://www.w3.org/2000/svg' width='542' height='542' viewBox='0 0 542 542' fill='none'>
      <g filter='url(#filter0_f_569_1018)'>
        <circle cx='271' cy='271' r='121' fill='#9AE8FF' fill-opacity='0.5'/>
      </g>
      <defs>
        <filter id='filter0_f_569_1018' x='0' y='0' width='542' height='542' filterUnits='userSpaceOnUse' color-interpolation-filters='sRGB'>
          <feFlood flood-opacity='0' result='BackgroundImageFix'/>
          <feBlend mode='normal' in='SourceGraphic' in2='BackgroundImageFix' result='shape'/>
          <feGaussianBlur stdDeviation='75' result='effect1_foregroundBlur_569_1018'/>
        </filter>
      </defs>
    </svg>
  </span>
    INCENTIVES I  EVENTS &#038; TOUREN FÜR UNTERNEHMEN</span>
    </h2></div>
                <div class="relative z-10 mx-auto max-w-content">
            <div class='text-element align- text-copy'><p>Entfachen Sie Begeisterung und belohnen Sie Ihre Mitarbeiterinnen und Mitarbeiter oder Kund*innen mit einem leuchtenden Erlebnis: Einer VIP Tour, einem Event oder einer Incentive-Reise in die illuminierte Hauptstadt zum FESTIVAL OF LIGHTS!</p>
<p>Wir sind Ihr Partner für individuelle Ideen und exklusive Specials, die Sie nur im Rahmen des FESTIVAL OF LIGHTS erleben werden.</p>
<p>Von der Auswahl und Buchung des Hotels, über die geführte LightSeeing Tour bis hin zur persönlichen Betreuung während der einzelnen Programmpunkte – unser FESTIVAL OF LIGHTS Team übernimmt die Planung und Organisation Ihres Festival-Events.</p>
<p>Staunen Sie über die spektakulär inszenierten Gebäude und Wahrzeichen, erfahren Sie so Geschichten von Orten, Menschen und Ereignissen. Verbinden Sie den Festivalbesuch mit einem Genusserlebnis in einem der kulinarischen Hotspots dieser Stadt, entdecken Sie das Berliner Nachtleben – wir kennen die Geheimtipps der Stadt und teilen diese gerne mit Ihnen.</p>
<p>Schreiben Sie uns. Lassen Sie uns Ihr Event zum FESTIVAL OF LIGHTS gemeinsam planen: <a href="mailto:partner@festival-of-lights.de">partner@festival-of-lights.de</a>.</p>
<p>Ihre Ansprechpartnerin ist Birgit Zander.</p>
</div>        </div>
          </div>
</section>

<section class="image-sticky-module">
  <div class="image-sticky-module__container grayscale-mask">
    <div class="image-sticky-module__image min-h-[70vh] bg-fixed bg-no-repeat bg-cover bg-center grayscale-overlay" style="background-image:url('https://festival-of-lights.de/wp-content/uploads/2023/08/0494_FH_FoLBerlin2018-scaled.jpg');" ></div> 
  </div>
</section>

<!-- This site is optimized with the Yoast SEO plugin v25.6 - https://yoast.com/wordpress/plugins/seo/ -->
<title>Incentive-Reise zum Festival of Lights</title>
<meta name="description" content="Incentive-Reise zum Festival of Lights: unser FESTIVAL OF LIGHTS Team übernimmt die Planung und Organisation Ihrer Festival-Reise." />
<meta name="robots" content="index, follow, max-snippet:-1, max-image-preview:large, max-video-preview:-1" />
<link rel="canonical" href="https://festival-of-lights.de/de/incentive-reise-zum-festival/" />
<meta property="og:locale" content="de_DE" />
<meta property="og:type" content="article" />
<meta property="og:title" content="Incentive-Reise zum Festival of Lights" />
<meta property="og:description" content="Incentive-Reise zum Festival of Lights: unser FESTIVAL OF LIGHTS Team übernimmt die Planung und Organisation Ihrer Festival-Reise." />
<meta property="og:url" content="https://festival-of-lights.de/de/incentive-reise-zum-festival/" />
<meta property="og:site_name" content="Festival of Lights" />
<meta property="article:publisher" content="https://www.facebook.com/FestivalOfLights" />
<meta property="article:modified_time" content="2024-07-22T08:30:38+00:00" />
<meta name="twitter:card" content="summary_large_image" />
<script type="application/ld+json" class="yoast-schema-graph">{"@context":"https://schema.org","@graph":[{"@type":"WebPage","@id":"https://festival-of-lights.de/de/incentive-reise-zum-festival/","url":"https://festival-of-lights.de/de/incentive-reise-zum-festival/","name":"Incentive-Reise zum Festival of Lights","isPartOf":{"@id":"https://festival-of-lights.de/de/#website"},"datePublished":"2023-08-01T13:51:48+00:00","dateModified":"2024-07-22T08:30:38+00:00","description":"Incentive-Reise zum Festival of Lights: unser FESTIVAL OF LIGHTS Team übernimmt die Planung und Organisation Ihrer Festival-Reise.","breadcrumb":{"@id":"https://festival-of-lights.de/de/incentive-reise-zum-festival/#breadcrumb"},"inLanguage":"de","potentialAction":[{"@type":"ReadAction","target":["https://festival-of-lights.de/de/incentive-reise-zum-festival/"]}]},{"@type":"BreadcrumbList","@id":"https://festival-of-lights.de/de/incentive-reise-zum-festival/#breadcrumb","itemListElement":[{"@type":"ListItem","position":1,"name":"Startseite","item":"https://festival-of-lights.de/de/"},{"@type":"ListItem","position":2,"name":"Incentives"}]},{"@type":"WebSite","@id":"https://festival-of-lights.de/de/#website","url":"https://festival-of-lights.de/de/","name":"Festival of Lights Berlin","description":"","publisher":{"@id":"https://festival-of-lights.de/de/#organization"},"potentialAction":[{"@type":"SearchAction","target":{"@type":"EntryPoint","urlTemplate":"https://festival-of-lights.de/de/?s={search_term_string}"},"query-input":{"@type":"PropertyValueSpecification","valueRequired":true,"valueName":"search_term_string"}}],"inLanguage":"de"},{"@type":"Organization","@id":"https://festival-of-lights.de/de/#organization","name":"Festival of Lights","url":"https://festival-of-lights.de/de/","logo":{"@type":"ImageObject","inLanguage":"de","@id":"https://festival-of-lights.de/de/#/schema/logo/image/","url":"https://festival-of-lights.de/wp-content/uploads/2023/08/cropped-logo.png","contentUrl":"https://festival-of-lights.de/wp-content/uploads/2023/08/cropped-logo.png","width":230,"height":230,"caption":"Festival of Lights"},"image":{"@id":"https://festival-of-lights.de/de/#/schema/logo/image/"},"sameAs":["https://www.facebook.com/FestivalOfLights","https://www.tiktok.com/@berlinfestivaloflights","https://www.instagram.com/berlinfestivaloflights"]}]}</script>
<!-- / Yoast SEO plugin. -->

Incentive-Reise zum Festival of Lights: unser FESTIVAL OF LIGHTS Team übernimmt die Planung und Organisation Ihrer Festival-Reise.
