{"id":35186,"date":"2023-08-04T14:10:59","date_gmt":"2023-08-04T12:10:59","guid":{"rendered":"http:\/\/festival-of-lights.de\/?page_id=35186"},"modified":"2025-09-22T12:19:13","modified_gmt":"2025-09-22T10:19:13","slug":"susan-gurnee","status":"publish","type":"page","link":"https:\/\/festival-of-lights.de\/de\/susan-gurnee\/","title":{"rendered":"Susan Gurnee"},"content":{"rendered":"<section class=\"module-spacer bg-bg-darkBlue pt-10 md:pt-14 xl:pt-20\">\n<\/section>\n\n<section class=\"basic-content-module bg-bg-darkBlue text-text-default\">\n  <div class=\"px-xs py-md lg:py-2xl aniMe text-intro dark:!bg-transparent dark:!text-white text-left\">\n            <div class=\"mx-auto max-w-content basic-content-module__headline\"><h2 class='grayscale-overlay relative headline-element align-left text-h3 font-bold md:text-h1 lg:text-[128px] mb-4 md:mb-4 z-0 basic-content-module__headline-big'>\n    \n    <span class='relative align-left text-h3 font-bold md:text-h1 lg:text-[128px] mb-4 md:mb-4 z-0 basic-content-module__headline-big'>\n    <span class='absolute top-0 left-0 z-0 -translate-x-1\/2 -translate-y-1\/2 light w-[300px] h-[300px]'>\n    <svg class='w-full h-full ' xmlns='http:\/\/www.w3.org\/2000\/svg' width='542' height='542' viewBox='0 0 542 542' fill='none'>\n      <g filter='url(#filter0_f_569_1018)'>\n        <circle cx='271' cy='271' r='121' fill='#9AE8FF' fill-opacity='0.5'\/>\n      <\/g>\n      <defs>\n        <filter id='filter0_f_569_1018' x='0' y='0' width='542' height='542' filterUnits='userSpaceOnUse' color-interpolation-filters='sRGB'>\n          <feFlood flood-opacity='0' result='BackgroundImageFix'\/>\n          <feBlend mode='normal' in='SourceGraphic' in2='BackgroundImageFix' result='shape'\/>\n          <feGaussianBlur stdDeviation='75' result='effect1_foregroundBlur_569_1018'\/>\n        <\/filter>\n      <\/defs>\n    <\/svg>\n  <\/span>\n    Susan Gurnee<\/span>\n    <\/h2><\/div>\n                <div class=\"relative z-10 mx-auto max-w-content\">\n            <div class='text-element align- text-copy'><p><a href=\"https:\/\/www.susangurnee.com\/\" target=\"_blank\" rel=\"noopener\">Susan Gurnee<\/a> ist eine Illustratorin und trompe-l\u2019oeil K\u00fcnstlerin aus den USA.<\/p>\n<p>Susan hat in dem Gebiet der Resonanz Kunst experimentiert. Sie hat bereits viele Werke in diesem Bereich f\u00fcr private und \u00f6ffentliche Sammlungen erstellt in Europa und den USA erstellt. Susan ist Teil des National Arts Club. Auch im Festival of Lights war Susan bereits 2013, 2014, 2015 und 2024 aktiv.<\/p>\n<p>Ihre Kunstwerke wurden bereits w\u00e4hrend des Festival of Lights auf den Berliner Dom, das Brandenburger Tor, den Fernsehturm, die Oberbaumbr\u00fccke und das Bode-Museum projiziert. Wir sind stolz darauf, dass sie in diesem Jahr mit neuen Werken f\u00fcr das Brandenburger Tor, das Hotel de Rome, den Berliner Dom, den Fernsehturm und das Schloss Charlottenburg wieder mit dabei ist.<\/p>\n<p>&nbsp;<\/p>\n<\/div>        <\/div>\n                <div class=\"mx-auto max-w-content aniMe\">\n                    <a target=\"_blank\" href=\"https:\/\/www.susangurnee.com\/\" class=\"flex items-center gap-xs btn-primary\">\n            <svg xmlns=\"http:\/\/www.w3.org\/2000\/svg\" width=\"23\" height=\"16\" viewBox=\"0 0 23 16\" fill=\"none\">\n                <path class=\"transition duration-300 ease-in-out\" d=\"M21.8863 8.70711C22.2769 8.31658 22.2769 7.68342 21.8863 7.29289L15.5224 0.928932C15.1318 0.538408 14.4987 0.538408 14.1082 0.928932C13.7176 1.31946 13.7176 1.95262 14.1082 2.34315L19.765 8L14.1082 13.6569C13.7176 14.0474 13.7176 14.6805 14.1082 15.0711C14.4987 15.4616 15.1318 15.4616 15.5224 15.0711L21.8863 8.70711ZM0 9H21.1792V7H0V9Z\" fill=\"black\"\/>\n            <\/svg>\n            Zur Website        <\/a>\n                <\/div> \n      <\/div>\n<\/section>\n\n<section class=\"bg-bg-darkBlue text-text-default\">\n  <div class=\"px-xs py-md text-headline dark:!bg-transparent\">\n    <div class=\"mx-auto max-w-screen-lg text-center aniMe\">\n      <h1 class='grayscale-overlay relative headline-element align-left text-h3 md:text-h2 xl:text-h1'>\n    \n    <span class='relative align-left text-h3 md:text-h2 xl:text-h1'>\n    <span class='absolute top-0 left-0 z-0 -translate-x-1\/2 -translate-y-1\/2 light w-[300px] h-[300px]'>\n    <svg class='w-full h-full ' xmlns='http:\/\/www.w3.org\/2000\/svg' width='542' height='542' viewBox='0 0 542 542' fill='none'>\n      <g filter='url(#filter0_f_569_1018)'>\n        <circle cx='271' cy='271' r='121' fill='#9AE8FF' fill-opacity='0.5'\/>\n      <\/g>\n      <defs>\n        <filter id='filter0_f_569_1018' x='0' y='0' width='542' height='542' filterUnits='userSpaceOnUse' color-interpolation-filters='sRGB'>\n          <feFlood flood-opacity='0' result='BackgroundImageFix'\/>\n          <feBlend mode='normal' in='SourceGraphic' in2='BackgroundImageFix' result='shape'\/>\n          <feGaussianBlur stdDeviation='75' result='effect1_foregroundBlur_569_1018'\/>\n        <\/filter>\n      <\/defs>\n    <\/svg>\n  <\/span>\n    R\u00fcckblick 2024<\/span>\n    <\/h1>    <\/div>\n      <\/div>\n<\/section>\n\n<section class=\"bg-bg-darkBlue\">\n  <div class=\"gallery-wall-simple-section dark:!bg-transparent dark:!text-white\">\n    <div class=\"gallery-wall-simple relative mx-auto grid gallery-grid-cols-2 gap-1 md:gap-3 lg:gap-5 \">\n     \n      <div data-src=\"https:\/\/festival-of-lights.de\/wp-content\/uploads\/2023\/08\/1199_FH_FoLBerlin2018_klein-600x600-1.jpg\" data-sub-html=\".image-description\" class=\"gallery-image grayscale-mask relative aspect-video cursor-pointer \">\n        <img decoding=\"async\" loading=\"lazy\" src=\"https:\/\/festival-of-lights.de\/wp-content\/uploads\/2023\/08\/1199_FH_FoLBerlin2018_klein-600x600-1.jpg\" class=\"object-cover object-center w-full h-full image grayscale-overlay\" alt=\"\">            <\/div>\n           \n      <div data-src=\"https:\/\/festival-of-lights.de\/wp-content\/uploads\/2023\/08\/1476_FH_FoLBerlin2018_klein-600x600-1.jpg\" data-sub-html=\".image-description\" class=\"gallery-image grayscale-mask relative aspect-video cursor-pointer \">\n        <img decoding=\"async\" loading=\"lazy\" src=\"https:\/\/festival-of-lights.de\/wp-content\/uploads\/2023\/08\/1476_FH_FoLBerlin2018_klein-600x600-1.jpg\" class=\"object-cover object-center w-full h-full image grayscale-overlay\" alt=\"\">            <\/div>\n              <\/div>\n  <\/div>\n<\/section>","protected":false},"excerpt":{"rendered":"","protected":false},"author":1,"featured_media":0,"parent":0,"menu_order":0,"comment_status":"closed","ping_status":"closed","template":"","meta":{"_acf_changed":false,"footnotes":""},"class_list":["post-35186","page","type-page","status-publish","hentry"],"acf":[],"yoast_head":"<!-- This site is optimized with the Yoast SEO plugin v25.6 - https:\/\/yoast.com\/wordpress\/plugins\/seo\/ -->\n<title>Susan Gurnee - Festival of Lights<\/title>\n<meta name=\"robots\" content=\"index, follow, max-snippet:-1, max-image-preview:large, max-video-preview:-1\" \/>\n<link rel=\"canonical\" href=\"https:\/\/festival-of-lights.de\/de\/susan-gurnee\/\" \/>\n<meta property=\"og:locale\" content=\"de_DE\" \/>\n<meta property=\"og:type\" content=\"article\" \/>\n<meta property=\"og:title\" content=\"Susan Gurnee - Festival of Lights\" \/>\n<meta property=\"og:url\" content=\"https:\/\/festival-of-lights.de\/de\/susan-gurnee\/\" \/>\n<meta property=\"og:site_name\" content=\"Festival of Lights\" \/>\n<meta property=\"article:publisher\" content=\"https:\/\/www.facebook.com\/FestivalOfLights\" \/>\n<meta property=\"article:modified_time\" content=\"2025-09-22T10:19:13+00:00\" \/>\n<meta name=\"twitter:card\" content=\"summary_large_image\" \/>\n<script type=\"application\/ld+json\" class=\"yoast-schema-graph\">{\"@context\":\"https:\/\/schema.org\",\"@graph\":[{\"@type\":\"WebPage\",\"@id\":\"https:\/\/festival-of-lights.de\/de\/susan-gurnee\/\",\"url\":\"https:\/\/festival-of-lights.de\/de\/susan-gurnee\/\",\"name\":\"Susan Gurnee - Festival of Lights\",\"isPartOf\":{\"@id\":\"https:\/\/festival-of-lights.de\/de\/#website\"},\"datePublished\":\"2023-08-04T12:10:59+00:00\",\"dateModified\":\"2025-09-22T10:19:13+00:00\",\"breadcrumb\":{\"@id\":\"https:\/\/festival-of-lights.de\/de\/susan-gurnee\/#breadcrumb\"},\"inLanguage\":\"de\",\"potentialAction\":[{\"@type\":\"ReadAction\",\"target\":[\"https:\/\/festival-of-lights.de\/de\/susan-gurnee\/\"]}]},{\"@type\":\"BreadcrumbList\",\"@id\":\"https:\/\/festival-of-lights.de\/de\/susan-gurnee\/#breadcrumb\",\"itemListElement\":[{\"@type\":\"ListItem\",\"position\":1,\"name\":\"Startseite\",\"item\":\"https:\/\/festival-of-lights.de\/de\/\"},{\"@type\":\"ListItem\",\"position\":2,\"name\":\"Susan Gurnee\"}]},{\"@type\":\"WebSite\",\"@id\":\"https:\/\/festival-of-lights.de\/de\/#website\",\"url\":\"https:\/\/festival-of-lights.de\/de\/\",\"name\":\"Festival of Lights Berlin\",\"description\":\"\",\"publisher\":{\"@id\":\"https:\/\/festival-of-lights.de\/de\/#organization\"},\"potentialAction\":[{\"@type\":\"SearchAction\",\"target\":{\"@type\":\"EntryPoint\",\"urlTemplate\":\"https:\/\/festival-of-lights.de\/de\/?s={search_term_string}\"},\"query-input\":{\"@type\":\"PropertyValueSpecification\",\"valueRequired\":true,\"valueName\":\"search_term_string\"}}],\"inLanguage\":\"de\"},{\"@type\":\"Organization\",\"@id\":\"https:\/\/festival-of-lights.de\/de\/#organization\",\"name\":\"Festival of Lights\",\"url\":\"https:\/\/festival-of-lights.de\/de\/\",\"logo\":{\"@type\":\"ImageObject\",\"inLanguage\":\"de\",\"@id\":\"https:\/\/festival-of-lights.de\/de\/#\/schema\/logo\/image\/\",\"url\":\"https:\/\/festival-of-lights.de\/wp-content\/uploads\/2023\/08\/cropped-logo.png\",\"contentUrl\":\"https:\/\/festival-of-lights.de\/wp-content\/uploads\/2023\/08\/cropped-logo.png\",\"width\":230,\"height\":230,\"caption\":\"Festival of Lights\"},\"image\":{\"@id\":\"https:\/\/festival-of-lights.de\/de\/#\/schema\/logo\/image\/\"},\"sameAs\":[\"https:\/\/www.facebook.com\/FestivalOfLights\",\"https:\/\/www.tiktok.com\/@berlinfestivaloflights\",\"https:\/\/www.instagram.com\/berlinfestivaloflights\"]}]}<\/script>\n<!-- \/ Yoast SEO plugin. -->","yoast_head_json":{"title":"Susan Gurnee - Festival of Lights","robots":{"index":"index","follow":"follow","max-snippet":"max-snippet:-1","max-image-preview":"max-image-preview:large","max-video-preview":"max-video-preview:-1"},"canonical":"https:\/\/festival-of-lights.de\/de\/susan-gurnee\/","og_locale":"de_DE","og_type":"article","og_title":"Susan Gurnee - Festival of Lights","og_url":"https:\/\/festival-of-lights.de\/de\/susan-gurnee\/","og_site_name":"Festival of Lights","article_publisher":"https:\/\/www.facebook.com\/FestivalOfLights","article_modified_time":"2025-09-22T10:19:13+00:00","twitter_card":"summary_large_image","schema":{"@context":"https:\/\/schema.org","@graph":[{"@type":"WebPage","@id":"https:\/\/festival-of-lights.de\/de\/susan-gurnee\/","url":"https:\/\/festival-of-lights.de\/de\/susan-gurnee\/","name":"Susan Gurnee - Festival of Lights","isPartOf":{"@id":"https:\/\/festival-of-lights.de\/de\/#website"},"datePublished":"2023-08-04T12:10:59+00:00","dateModified":"2025-09-22T10:19:13+00:00","breadcrumb":{"@id":"https:\/\/festival-of-lights.de\/de\/susan-gurnee\/#breadcrumb"},"inLanguage":"de","potentialAction":[{"@type":"ReadAction","target":["https:\/\/festival-of-lights.de\/de\/susan-gurnee\/"]}]},{"@type":"BreadcrumbList","@id":"https:\/\/festival-of-lights.de\/de\/susan-gurnee\/#breadcrumb","itemListElement":[{"@type":"ListItem","position":1,"name":"Startseite","item":"https:\/\/festival-of-lights.de\/de\/"},{"@type":"ListItem","position":2,"name":"Susan Gurnee"}]},{"@type":"WebSite","@id":"https:\/\/festival-of-lights.de\/de\/#website","url":"https:\/\/festival-of-lights.de\/de\/","name":"Festival of Lights Berlin","description":"","publisher":{"@id":"https:\/\/festival-of-lights.de\/de\/#organization"},"potentialAction":[{"@type":"SearchAction","target":{"@type":"EntryPoint","urlTemplate":"https:\/\/festival-of-lights.de\/de\/?s={search_term_string}"},"query-input":{"@type":"PropertyValueSpecification","valueRequired":true,"valueName":"search_term_string"}}],"inLanguage":"de"},{"@type":"Organization","@id":"https:\/\/festival-of-lights.de\/de\/#organization","name":"Festival of Lights","url":"https:\/\/festival-of-lights.de\/de\/","logo":{"@type":"ImageObject","inLanguage":"de","@id":"https:\/\/festival-of-lights.de\/de\/#\/schema\/logo\/image\/","url":"https:\/\/festival-of-lights.de\/wp-content\/uploads\/2023\/08\/cropped-logo.png","contentUrl":"https:\/\/festival-of-lights.de\/wp-content\/uploads\/2023\/08\/cropped-logo.png","width":230,"height":230,"caption":"Festival of Lights"},"image":{"@id":"https:\/\/festival-of-lights.de\/de\/#\/schema\/logo\/image\/"},"sameAs":["https:\/\/www.facebook.com\/FestivalOfLights","https:\/\/www.tiktok.com\/@berlinfestivaloflights","https:\/\/www.instagram.com\/berlinfestivaloflights"]}]}},"_links":{"self":[{"href":"https:\/\/festival-of-lights.de\/de\/wp-json\/wp\/v2\/pages\/35186","targetHints":{"allow":["GET"]}}],"collection":[{"href":"https:\/\/festival-of-lights.de\/de\/wp-json\/wp\/v2\/pages"}],"about":[{"href":"https:\/\/festival-of-lights.de\/de\/wp-json\/wp\/v2\/types\/page"}],"author":[{"embeddable":true,"href":"https:\/\/festival-of-lights.de\/de\/wp-json\/wp\/v2\/users\/1"}],"replies":[{"embeddable":true,"href":"https:\/\/festival-of-lights.de\/de\/wp-json\/wp\/v2\/comments?post=35186"}],"version-history":[{"count":11,"href":"https:\/\/festival-of-lights.de\/de\/wp-json\/wp\/v2\/pages\/35186\/revisions"}],"predecessor-version":[{"id":56919,"href":"https:\/\/festival-of-lights.de\/de\/wp-json\/wp\/v2\/pages\/35186\/revisions\/56919"}],"wp:attachment":[{"href":"https:\/\/festival-of-lights.de\/de\/wp-json\/wp\/v2\/media?parent=35186"}],"curies":[{"name":"wp","href":"https:\/\/api.w.org\/{rel}","templated":true}]}}

<section class="module-spacer bg-bg-darkBlue pt-10 md:pt-14 xl:pt-20">
</section>

<section class="basic-content-module bg-bg-darkBlue text-text-default">
  <div class="px-xs py-md lg:py-2xl aniMe text-intro dark:!bg-transparent dark:!text-white text-left">
            <div class="mx-auto max-w-content basic-content-module__headline"><h2 class='grayscale-overlay relative headline-element align-left text-h3 font-bold md:text-h1 lg:text-[128px] mb-4 md:mb-4 z-0 basic-content-module__headline-big'>
    
    <span class='relative align-left text-h3 font-bold md:text-h1 lg:text-[128px] mb-4 md:mb-4 z-0 basic-content-module__headline-big'>
    <span class='absolute top-0 left-0 z-0 -translate-x-1/2 -translate-y-1/2 light w-[300px] h-[300px]'>
    <svg class='w-full h-full ' xmlns='http://www.w3.org/2000/svg' width='542' height='542' viewBox='0 0 542 542' fill='none'>
      <g filter='url(#filter0_f_569_1018)'>
        <circle cx='271' cy='271' r='121' fill='#9AE8FF' fill-opacity='0.5'/>
      </g>
      <defs>
        <filter id='filter0_f_569_1018' x='0' y='0' width='542' height='542' filterUnits='userSpaceOnUse' color-interpolation-filters='sRGB'>
          <feFlood flood-opacity='0' result='BackgroundImageFix'/>
          <feBlend mode='normal' in='SourceGraphic' in2='BackgroundImageFix' result='shape'/>
          <feGaussianBlur stdDeviation='75' result='effect1_foregroundBlur_569_1018'/>
        </filter>
      </defs>
    </svg>
  </span>
    Susan Gurnee</span>
    </h2></div>
                <div class="relative z-10 mx-auto max-w-content">
            <div class='text-element align- text-copy'><p><a href="https://www.susangurnee.com/" target="_blank" rel="noopener">Susan Gurnee</a> ist eine Illustratorin und trompe-l’oeil Künstlerin aus den USA.</p>
<p>Susan hat in dem Gebiet der Resonanz Kunst experimentiert. Sie hat bereits viele Werke in diesem Bereich für private und öffentliche Sammlungen erstellt in Europa und den USA erstellt. Susan ist Teil des National Arts Club. Auch im Festival of Lights war Susan bereits 2013, 2014, 2015 und 2024 aktiv.</p>
<p>Ihre Kunstwerke wurden bereits während des Festival of Lights auf den Berliner Dom, das Brandenburger Tor, den Fernsehturm, die Oberbaumbrücke und das Bode-Museum projiziert. Wir sind stolz darauf, dass sie in diesem Jahr mit neuen Werken für das Brandenburger Tor, das Hotel de Rome, den Berliner Dom, den Fernsehturm und das Schloss Charlottenburg wieder mit dabei ist.</p>
<p>&nbsp;</p>
</div>        </div>
                <div class="mx-auto max-w-content aniMe">
                    <a target="_blank" href="https://www.susangurnee.com/" class="flex items-center gap-xs btn-primary">
            <svg xmlns="http://www.w3.org/2000/svg" width="23" height="16" viewBox="0 0 23 16" fill="none">
                <path class="transition duration-300 ease-in-out" d="M21.8863 8.70711C22.2769 8.31658 22.2769 7.68342 21.8863 7.29289L15.5224 0.928932C15.1318 0.538408 14.4987 0.538408 14.1082 0.928932C13.7176 1.31946 13.7176 1.95262 14.1082 2.34315L19.765 8L14.1082 13.6569C13.7176 14.0474 13.7176 14.6805 14.1082 15.0711C14.4987 15.4616 15.1318 15.4616 15.5224 15.0711L21.8863 8.70711ZM0 9H21.1792V7H0V9Z" fill="black"/>
            </svg>
            Zur Website        </a>
                </div> 
      </div>
</section>

<section class="bg-bg-darkBlue text-text-default">
  <div class="px-xs py-md text-headline dark:!bg-transparent">
    <div class="mx-auto max-w-screen-lg text-center aniMe">
      <h1 class='grayscale-overlay relative headline-element align-left text-h3 md:text-h2 xl:text-h1'>
    
    <span class='relative align-left text-h3 md:text-h2 xl:text-h1'>
    <span class='absolute top-0 left-0 z-0 -translate-x-1/2 -translate-y-1/2 light w-[300px] h-[300px]'>
    <svg class='w-full h-full ' xmlns='http://www.w3.org/2000/svg' width='542' height='542' viewBox='0 0 542 542' fill='none'>
      <g filter='url(#filter0_f_569_1018)'>
        <circle cx='271' cy='271' r='121' fill='#9AE8FF' fill-opacity='0.5'/>
      </g>
      <defs>
        <filter id='filter0_f_569_1018' x='0' y='0' width='542' height='542' filterUnits='userSpaceOnUse' color-interpolation-filters='sRGB'>
          <feFlood flood-opacity='0' result='BackgroundImageFix'/>
          <feBlend mode='normal' in='SourceGraphic' in2='BackgroundImageFix' result='shape'/>
          <feGaussianBlur stdDeviation='75' result='effect1_foregroundBlur_569_1018'/>
        </filter>
      </defs>
    </svg>
  </span>
    Rückblick 2024</span>
    </h1>    </div>
      </div>
</section>

<section class="bg-bg-darkBlue">
  <div class="gallery-wall-simple-section dark:!bg-transparent dark:!text-white">
    <div class="gallery-wall-simple relative mx-auto grid gallery-grid-cols-2 gap-1 md:gap-3 lg:gap-5 ">
     
      <div data-src="https://festival-of-lights.de/wp-content/uploads/2023/08/1199_FH_FoLBerlin2018_klein-600x600-1.jpg" data-sub-html=".image-description" class="gallery-image grayscale-mask relative aspect-video cursor-pointer ">
        <img decoding="async" loading="lazy" src="https://festival-of-lights.de/wp-content/uploads/2023/08/1199_FH_FoLBerlin2018_klein-600x600-1.jpg" class="object-cover object-center w-full h-full image grayscale-overlay" alt="">            </div>
           
      <div data-src="https://festival-of-lights.de/wp-content/uploads/2023/08/1476_FH_FoLBerlin2018_klein-600x600-1.jpg" data-sub-html=".image-description" class="gallery-image grayscale-mask relative aspect-video cursor-pointer ">
        <img decoding="async" loading="lazy" src="https://festival-of-lights.de/wp-content/uploads/2023/08/1476_FH_FoLBerlin2018_klein-600x600-1.jpg" class="object-cover object-center w-full h-full image grayscale-overlay" alt="">            </div>
              </div>
  </div>
</section>
