{"id":61477,"date":"2026-04-20T15:45:06","date_gmt":"2026-04-20T13:45:06","guid":{"rendered":"https:\/\/festival-of-lights.de\/?page_id=61477"},"modified":"2026-04-24T16:43:13","modified_gmt":"2026-04-24T14:43:13","slug":"festival-of-lights-braunschweig","status":"publish","type":"page","link":"https:\/\/festival-of-lights.de\/de\/festival-of-lights-braunschweig\/","title":{"rendered":"Festival of Lights Braunschweig"},"content":{"rendered":"<section class=\"module-spacer bg-bg-darkBlue pt-10 md:pt-14 xl:pt-20\">\n<\/section>\n\n<section class=\"basic-content-module bg-bg-darkBlue text-text-default\">\n  <div class=\"px-xs py-md lg:py-2xl aniMe text-intro dark:!bg-transparent dark:!text-white text-left\">\n            <div class=\"mx-auto max-w-content basic-content-module__headline\"><h2 class='grayscale-overlay relative headline-element align-left text-h3 font-bold md:text-h1 lg:text-[128px] mb-4 md:mb-4 z-0 basic-content-module__headline-big'>\n    \n    <span class='relative align-left text-h3 font-bold md:text-h1 lg:text-[128px] mb-4 md:mb-4 z-0 basic-content-module__headline-big'>\n    <span class='absolute top-0 left-0 z-0 -translate-x-1\/2 -translate-y-1\/2 light w-[300px] h-[300px]'>\n    <svg class='w-full h-full ' xmlns='http:\/\/www.w3.org\/2000\/svg' width='542' height='542' viewBox='0 0 542 542' fill='none'>\n      <g filter='url(#filter0_f_569_1018)'>\n        <circle cx='271' cy='271' r='121' fill='#9AE8FF' fill-opacity='0.5'\/>\n      <\/g>\n      <defs>\n        <filter id='filter0_f_569_1018' x='0' y='0' width='542' height='542' filterUnits='userSpaceOnUse' color-interpolation-filters='sRGB'>\n          <feFlood flood-opacity='0' result='BackgroundImageFix'\/>\n          <feBlend mode='normal' in='SourceGraphic' in2='BackgroundImageFix' result='shape'\/>\n          <feGaussianBlur stdDeviation='75' result='effect1_foregroundBlur_569_1018'\/>\n        <\/filter>\n      <\/defs>\n    <\/svg>\n  <\/span>\n    Festival of Lights Braunschweig<\/span>\n    <\/h2><\/div>\n                <div class=\"relative z-10 mx-auto max-w-content\">\n            <div class='text-element align- text-copy'><p class=\"x_MsoNormal\"><b data-olk-copy-source=\"MessageBody\">Magische Premiere: Das FESTIVAL OF LIGHTS kommt nach Braunschweig!<\/b><\/p>\n<p class=\"x_MsoNormal\"><b>\u00a0<\/b><\/p>\n<ul type=\"disc\">\n<li class=\"x_MsoNormal\"><b>Zeitraum:<\/b>\u00a028. Oktober bis 1. November 2026<\/li>\n<li class=\"x_MsoNormal\"><b>Uhrzeit:<\/b>\u00a0T\u00e4glich von 17:30 bis 22:00 Uhr<\/li>\n<\/ul>\n<p class=\"x_MsoNormal\">Diesen Oktober verwandelt sich die Braunschweiger Innenstadt mit dem Festival of Lights erstmals in ein leuchtendes Gesamtkunstwerk. F\u00fcnf N\u00e4chte lang werden ca 15 Orte, darunter historische Wahrzeichen und beliebte Pl\u00e4tze, wie das Schloss, das Rathaus oder das Gewandhaus, mittels spektakul\u00e4rer Projektionen und stimmungsvollen Lichtinszenierungen v\u00f6llig neu erlebbar gemacht.<\/p>\n<p>&nbsp;<\/p>\n<p>&nbsp;<\/p>\n<\/div>        <\/div>\n                <div class=\"mx-auto max-w-content aniMe\">\n                    <a target=\"_blank\" href=\"https:\/\/festival-of-lights.de\/wp-content\/uploads\/2026\/04\/20260424_Festival_of_lights-final.pdf\" class=\"flex items-center gap-xs btn-primary\">\n            <svg xmlns=\"http:\/\/www.w3.org\/2000\/svg\" width=\"23\" height=\"16\" viewBox=\"0 0 23 16\" fill=\"none\">\n                <path class=\"transition duration-300 ease-in-out\" d=\"M21.8863 8.70711C22.2769 8.31658 22.2769 7.68342 21.8863 7.29289L15.5224 0.928932C15.1318 0.538408 14.4987 0.538408 14.1082 0.928932C13.7176 1.31946 13.7176 1.95262 14.1082 2.34315L19.765 8L14.1082 13.6569C13.7176 14.0474 13.7176 14.6805 14.1082 15.0711C14.4987 15.4616 15.1318 15.4616 15.5224 15.0711L21.8863 8.70711ZM0 9H21.1792V7H0V9Z\" fill=\"black\"\/>\n            <\/svg>\n            Pressemitteilung        <\/a>\n                <\/div> \n      <\/div>\n<\/section>\n\n<section class=\"image-module bg-bg-default\">\n  <div class=\"image-module__container image-module__container-full mx-auto\">\n    <div class=\"image-module__image grayscale-mask relative aniMe image-module__image-contain\"> <img loading=\"lazy\" decoding=\"async\" width=\"2000\" height=\"1426\" src=\"https:\/\/festival-of-lights.de\/wp-content\/uploads\/2026\/04\/260423_Visualisierung-Schloss_FOL.jpg\" class=\"z-0 grayscale-overlay w-full\" alt=\"\" srcset=\"https:\/\/festival-of-lights.de\/wp-content\/uploads\/2026\/04\/260423_Visualisierung-Schloss_FOL.jpg 2000w, https:\/\/festival-of-lights.de\/wp-content\/uploads\/2026\/04\/260423_Visualisierung-Schloss_FOL-300x214.jpg 300w, https:\/\/festival-of-lights.de\/wp-content\/uploads\/2026\/04\/260423_Visualisierung-Schloss_FOL-1024x730.jpg 1024w, https:\/\/festival-of-lights.de\/wp-content\/uploads\/2026\/04\/260423_Visualisierung-Schloss_FOL-768x548.jpg 768w, https:\/\/festival-of-lights.de\/wp-content\/uploads\/2026\/04\/260423_Visualisierung-Schloss_FOL-1536x1095.jpg 1536w, https:\/\/festival-of-lights.de\/wp-content\/uploads\/2026\/04\/260423_Visualisierung-Schloss_FOL-1900x1355.jpg 1900w, https:\/\/festival-of-lights.de\/wp-content\/uploads\/2026\/04\/260423_Visualisierung-Schloss_FOL-1240x884.jpg 1240w\" sizes=\"auto, (max-width: 2000px) 100vw, 2000px\" \/><\/div> \n      <\/div>\n<\/section>\n\n<section class=\"module-spacer bg-bg-darkBlue pt-5 md:pt-7 xl:pt-10\">\n<\/section>\n\n<section class=\"bg-bg-darkBlue text-text-default\">\n  <div class=\"px-xs text-paragraph py-md text-copy dark:!bg-transparent\">\n          <div class=\"mx-auto max-w-screen-md\">\n        <div class='text-element align-left aniMe'><p class=\"x_MsoNormal\"><b>Mehr Infos zum Programm folgen in K\u00fcrze!<\/b><\/p>\n<p class=\"x_MsoNormal\">Die Veranstaltung wird durch Volkswagen Financial Services erm\u00f6glicht und von der Applaus Kulturproduktionen GmbH veranstaltet. Sie findet in Kooperation mit dem Stadtmarketing statt und wird von der BSVG als Mobilit\u00e4tspartner sowie von der Braunschweiger Zeitung als Medienpartner unterst\u00fctzt.<\/p>\n<\/div>        \n            <\/div> <!-- end max-w-screen container -->\n    <\/div>\n<\/section>\n\n<section class=\"module-spacer bg-bg-darkBlue pt-5 md:pt-7 xl:pt-10\">\n<\/section>","protected":false},"excerpt":{"rendered":"","protected":false},"author":8,"featured_media":0,"parent":0,"menu_order":0,"comment_status":"closed","ping_status":"closed","template":"","meta":{"_acf_changed":false,"footnotes":""},"class_list":["post-61477","page","type-page","status-publish","hentry"],"acf":[],"yoast_head":"<!-- This site is optimized with the Yoast SEO plugin v25.6 - https:\/\/yoast.com\/wordpress\/plugins\/seo\/ -->\n<title>Festival of Lights Braunschweig - Festival of Lights<\/title>\n<meta name=\"robots\" content=\"index, follow, max-snippet:-1, max-image-preview:large, max-video-preview:-1\" \/>\n<link rel=\"canonical\" href=\"https:\/\/festival-of-lights.de\/de\/festival-of-lights-braunschweig\/\" \/>\n<meta property=\"og:locale\" content=\"de_DE\" \/>\n<meta property=\"og:type\" content=\"article\" \/>\n<meta property=\"og:title\" content=\"Festival of Lights Braunschweig - Festival of Lights\" \/>\n<meta property=\"og:url\" content=\"https:\/\/festival-of-lights.de\/de\/festival-of-lights-braunschweig\/\" \/>\n<meta property=\"og:site_name\" content=\"Festival of Lights\" \/>\n<meta property=\"article:publisher\" content=\"https:\/\/www.facebook.com\/FestivalOfLights\" \/>\n<meta property=\"article:modified_time\" content=\"2026-04-24T14:43:13+00:00\" \/>\n<meta name=\"twitter:card\" content=\"summary_large_image\" \/>\n<script type=\"application\/ld+json\" class=\"yoast-schema-graph\">{\"@context\":\"https:\/\/schema.org\",\"@graph\":[{\"@type\":\"WebPage\",\"@id\":\"https:\/\/festival-of-lights.de\/de\/festival-of-lights-braunschweig\/\",\"url\":\"https:\/\/festival-of-lights.de\/de\/festival-of-lights-braunschweig\/\",\"name\":\"Festival of Lights Braunschweig - Festival of Lights\",\"isPartOf\":{\"@id\":\"https:\/\/festival-of-lights.de\/de\/#website\"},\"datePublished\":\"2026-04-20T13:45:06+00:00\",\"dateModified\":\"2026-04-24T14:43:13+00:00\",\"breadcrumb\":{\"@id\":\"https:\/\/festival-of-lights.de\/de\/festival-of-lights-braunschweig\/#breadcrumb\"},\"inLanguage\":\"de\",\"potentialAction\":[{\"@type\":\"ReadAction\",\"target\":[\"https:\/\/festival-of-lights.de\/de\/festival-of-lights-braunschweig\/\"]}]},{\"@type\":\"BreadcrumbList\",\"@id\":\"https:\/\/festival-of-lights.de\/de\/festival-of-lights-braunschweig\/#breadcrumb\",\"itemListElement\":[{\"@type\":\"ListItem\",\"position\":1,\"name\":\"Startseite\",\"item\":\"https:\/\/festival-of-lights.de\/de\/\"},{\"@type\":\"ListItem\",\"position\":2,\"name\":\"Festival of Lights Braunschweig\"}]},{\"@type\":\"WebSite\",\"@id\":\"https:\/\/festival-of-lights.de\/de\/#website\",\"url\":\"https:\/\/festival-of-lights.de\/de\/\",\"name\":\"Festival of Lights Berlin\",\"description\":\"\",\"publisher\":{\"@id\":\"https:\/\/festival-of-lights.de\/de\/#organization\"},\"potentialAction\":[{\"@type\":\"SearchAction\",\"target\":{\"@type\":\"EntryPoint\",\"urlTemplate\":\"https:\/\/festival-of-lights.de\/de\/?s={search_term_string}\"},\"query-input\":{\"@type\":\"PropertyValueSpecification\",\"valueRequired\":true,\"valueName\":\"search_term_string\"}}],\"inLanguage\":\"de\"},{\"@type\":\"Organization\",\"@id\":\"https:\/\/festival-of-lights.de\/de\/#organization\",\"name\":\"Festival of Lights\",\"url\":\"https:\/\/festival-of-lights.de\/de\/\",\"logo\":{\"@type\":\"ImageObject\",\"inLanguage\":\"de\",\"@id\":\"https:\/\/festival-of-lights.de\/de\/#\/schema\/logo\/image\/\",\"url\":\"https:\/\/festival-of-lights.de\/wp-content\/uploads\/2023\/08\/cropped-logo.png\",\"contentUrl\":\"https:\/\/festival-of-lights.de\/wp-content\/uploads\/2023\/08\/cropped-logo.png\",\"width\":230,\"height\":230,\"caption\":\"Festival of Lights\"},\"image\":{\"@id\":\"https:\/\/festival-of-lights.de\/de\/#\/schema\/logo\/image\/\"},\"sameAs\":[\"https:\/\/www.facebook.com\/FestivalOfLights\",\"https:\/\/www.tiktok.com\/@berlinfestivaloflights\",\"https:\/\/www.instagram.com\/berlinfestivaloflights\"]}]}<\/script>\n<!-- \/ Yoast SEO plugin. -->","yoast_head_json":{"title":"Festival of Lights Braunschweig - Festival of Lights","robots":{"index":"index","follow":"follow","max-snippet":"max-snippet:-1","max-image-preview":"max-image-preview:large","max-video-preview":"max-video-preview:-1"},"canonical":"https:\/\/festival-of-lights.de\/de\/festival-of-lights-braunschweig\/","og_locale":"de_DE","og_type":"article","og_title":"Festival of Lights Braunschweig - Festival of Lights","og_url":"https:\/\/festival-of-lights.de\/de\/festival-of-lights-braunschweig\/","og_site_name":"Festival of Lights","article_publisher":"https:\/\/www.facebook.com\/FestivalOfLights","article_modified_time":"2026-04-24T14:43:13+00:00","twitter_card":"summary_large_image","schema":{"@context":"https:\/\/schema.org","@graph":[{"@type":"WebPage","@id":"https:\/\/festival-of-lights.de\/de\/festival-of-lights-braunschweig\/","url":"https:\/\/festival-of-lights.de\/de\/festival-of-lights-braunschweig\/","name":"Festival of Lights Braunschweig - Festival of Lights","isPartOf":{"@id":"https:\/\/festival-of-lights.de\/de\/#website"},"datePublished":"2026-04-20T13:45:06+00:00","dateModified":"2026-04-24T14:43:13+00:00","breadcrumb":{"@id":"https:\/\/festival-of-lights.de\/de\/festival-of-lights-braunschweig\/#breadcrumb"},"inLanguage":"de","potentialAction":[{"@type":"ReadAction","target":["https:\/\/festival-of-lights.de\/de\/festival-of-lights-braunschweig\/"]}]},{"@type":"BreadcrumbList","@id":"https:\/\/festival-of-lights.de\/de\/festival-of-lights-braunschweig\/#breadcrumb","itemListElement":[{"@type":"ListItem","position":1,"name":"Startseite","item":"https:\/\/festival-of-lights.de\/de\/"},{"@type":"ListItem","position":2,"name":"Festival of Lights Braunschweig"}]},{"@type":"WebSite","@id":"https:\/\/festival-of-lights.de\/de\/#website","url":"https:\/\/festival-of-lights.de\/de\/","name":"Festival of Lights Berlin","description":"","publisher":{"@id":"https:\/\/festival-of-lights.de\/de\/#organization"},"potentialAction":[{"@type":"SearchAction","target":{"@type":"EntryPoint","urlTemplate":"https:\/\/festival-of-lights.de\/de\/?s={search_term_string}"},"query-input":{"@type":"PropertyValueSpecification","valueRequired":true,"valueName":"search_term_string"}}],"inLanguage":"de"},{"@type":"Organization","@id":"https:\/\/festival-of-lights.de\/de\/#organization","name":"Festival of Lights","url":"https:\/\/festival-of-lights.de\/de\/","logo":{"@type":"ImageObject","inLanguage":"de","@id":"https:\/\/festival-of-lights.de\/de\/#\/schema\/logo\/image\/","url":"https:\/\/festival-of-lights.de\/wp-content\/uploads\/2023\/08\/cropped-logo.png","contentUrl":"https:\/\/festival-of-lights.de\/wp-content\/uploads\/2023\/08\/cropped-logo.png","width":230,"height":230,"caption":"Festival of Lights"},"image":{"@id":"https:\/\/festival-of-lights.de\/de\/#\/schema\/logo\/image\/"},"sameAs":["https:\/\/www.facebook.com\/FestivalOfLights","https:\/\/www.tiktok.com\/@berlinfestivaloflights","https:\/\/www.instagram.com\/berlinfestivaloflights"]}]}},"_links":{"self":[{"href":"https:\/\/festival-of-lights.de\/de\/wp-json\/wp\/v2\/pages\/61477","targetHints":{"allow":["GET"]}}],"collection":[{"href":"https:\/\/festival-of-lights.de\/de\/wp-json\/wp\/v2\/pages"}],"about":[{"href":"https:\/\/festival-of-lights.de\/de\/wp-json\/wp\/v2\/types\/page"}],"author":[{"embeddable":true,"href":"https:\/\/festival-of-lights.de\/de\/wp-json\/wp\/v2\/users\/8"}],"replies":[{"embeddable":true,"href":"https:\/\/festival-of-lights.de\/de\/wp-json\/wp\/v2\/comments?post=61477"}],"version-history":[{"count":15,"href":"https:\/\/festival-of-lights.de\/de\/wp-json\/wp\/v2\/pages\/61477\/revisions"}],"predecessor-version":[{"id":61530,"href":"https:\/\/festival-of-lights.de\/de\/wp-json\/wp\/v2\/pages\/61477\/revisions\/61530"}],"wp:attachment":[{"href":"https:\/\/festival-of-lights.de\/de\/wp-json\/wp\/v2\/media?parent=61477"}],"curies":[{"name":"wp","href":"https:\/\/api.w.org\/{rel}","templated":true}]}}

<section class="module-spacer bg-bg-darkBlue pt-10 md:pt-14 xl:pt-20">
</section>

<section class="basic-content-module bg-bg-darkBlue text-text-default">
  <div class="px-xs py-md lg:py-2xl aniMe text-intro dark:!bg-transparent dark:!text-white text-left">
            <div class="mx-auto max-w-content basic-content-module__headline"><h2 class='grayscale-overlay relative headline-element align-left text-h3 font-bold md:text-h1 lg:text-[128px] mb-4 md:mb-4 z-0 basic-content-module__headline-big'>
    
    <span class='relative align-left text-h3 font-bold md:text-h1 lg:text-[128px] mb-4 md:mb-4 z-0 basic-content-module__headline-big'>
    <span class='absolute top-0 left-0 z-0 -translate-x-1/2 -translate-y-1/2 light w-[300px] h-[300px]'>
    <svg class='w-full h-full ' xmlns='http://www.w3.org/2000/svg' width='542' height='542' viewBox='0 0 542 542' fill='none'>
      <g filter='url(#filter0_f_569_1018)'>
        <circle cx='271' cy='271' r='121' fill='#9AE8FF' fill-opacity='0.5'/>
      </g>
      <defs>
        <filter id='filter0_f_569_1018' x='0' y='0' width='542' height='542' filterUnits='userSpaceOnUse' color-interpolation-filters='sRGB'>
          <feFlood flood-opacity='0' result='BackgroundImageFix'/>
          <feBlend mode='normal' in='SourceGraphic' in2='BackgroundImageFix' result='shape'/>
          <feGaussianBlur stdDeviation='75' result='effect1_foregroundBlur_569_1018'/>
        </filter>
      </defs>
    </svg>
  </span>
    Festival of Lights Braunschweig</span>
    </h2></div>
                <div class="relative z-10 mx-auto max-w-content">
            <div class='text-element align- text-copy'><p class="x_MsoNormal"><b data-olk-copy-source="MessageBody">Magische Premiere: Das FESTIVAL OF LIGHTS kommt nach Braunschweig!</b></p>
<p class="x_MsoNormal"><b> </b></p>
<ul type="disc">
<li class="x_MsoNormal"><b>Zeitraum:</b> 28. Oktober bis 1. November 2026</li>
<li class="x_MsoNormal"><b>Uhrzeit:</b> Täglich von 17:30 bis 22:00 Uhr</li>
</ul>
<p class="x_MsoNormal">Diesen Oktober verwandelt sich die Braunschweiger Innenstadt mit dem Festival of Lights erstmals in ein leuchtendes Gesamtkunstwerk. Fünf Nächte lang werden ca 15 Orte, darunter historische Wahrzeichen und beliebte Plätze, wie das Schloss, das Rathaus oder das Gewandhaus, mittels spektakulärer Projektionen und stimmungsvollen Lichtinszenierungen völlig neu erlebbar gemacht.</p>
<p>&nbsp;</p>
<p>&nbsp;</p>
</div>        </div>
                <div class="mx-auto max-w-content aniMe">
                    <a target="_blank" href="https://festival-of-lights.de/wp-content/uploads/2026/04/20260424_Festival_of_lights-final.pdf" class="flex items-center gap-xs btn-primary">
            <svg xmlns="http://www.w3.org/2000/svg" width="23" height="16" viewBox="0 0 23 16" fill="none">
                <path class="transition duration-300 ease-in-out" d="M21.8863 8.70711C22.2769 8.31658 22.2769 7.68342 21.8863 7.29289L15.5224 0.928932C15.1318 0.538408 14.4987 0.538408 14.1082 0.928932C13.7176 1.31946 13.7176 1.95262 14.1082 2.34315L19.765 8L14.1082 13.6569C13.7176 14.0474 13.7176 14.6805 14.1082 15.0711C14.4987 15.4616 15.1318 15.4616 15.5224 15.0711L21.8863 8.70711ZM0 9H21.1792V7H0V9Z" fill="black"/>
            </svg>
            Pressemitteilung        </a>
                </div> 
      </div>
</section>

<section class="image-module bg-bg-default">
  <div class="image-module__container image-module__container-full mx-auto">
    <div class="image-module__image grayscale-mask relative aniMe image-module__image-contain"> <img loading="lazy" decoding="async" width="2000" height="1426" src="https://festival-of-lights.de/wp-content/uploads/2026/04/260423_Visualisierung-Schloss_FOL.jpg" class="z-0 grayscale-overlay w-full" alt="" srcset="https://festival-of-lights.de/wp-content/uploads/2026/04/260423_Visualisierung-Schloss_FOL.jpg 2000w, https://festival-of-lights.de/wp-content/uploads/2026/04/260423_Visualisierung-Schloss_FOL-300x214.jpg 300w, https://festival-of-lights.de/wp-content/uploads/2026/04/260423_Visualisierung-Schloss_FOL-1024x730.jpg 1024w, https://festival-of-lights.de/wp-content/uploads/2026/04/260423_Visualisierung-Schloss_FOL-768x548.jpg 768w, https://festival-of-lights.de/wp-content/uploads/2026/04/260423_Visualisierung-Schloss_FOL-1536x1095.jpg 1536w, https://festival-of-lights.de/wp-content/uploads/2026/04/260423_Visualisierung-Schloss_FOL-1900x1355.jpg 1900w, https://festival-of-lights.de/wp-content/uploads/2026/04/260423_Visualisierung-Schloss_FOL-1240x884.jpg 1240w" sizes="auto, (max-width: 2000px) 100vw, 2000px" /></div> 
      </div>
</section>

<section class="module-spacer bg-bg-darkBlue pt-5 md:pt-7 xl:pt-10">
</section>

<section class="bg-bg-darkBlue text-text-default">
  <div class="px-xs text-paragraph py-md text-copy dark:!bg-transparent">
          <div class="mx-auto max-w-screen-md">
        <div class='text-element align-left aniMe'><p class="x_MsoNormal"><b>Mehr Infos zum Programm folgen in Kürze!</b></p>
<p class="x_MsoNormal">Die Veranstaltung wird durch Volkswagen Financial Services ermöglicht und von der Applaus Kulturproduktionen GmbH veranstaltet. Sie findet in Kooperation mit dem Stadtmarketing statt und wird von der BSVG als Mobilitätspartner sowie von der Braunschweiger Zeitung als Medienpartner unterstützt.</p>
</div>        
            </div> <!-- end max-w-screen container -->
    </div>
</section>

<section class="module-spacer bg-bg-darkBlue pt-5 md:pt-7 xl:pt-10">
</section>
